-18)?
4
Suppose 3*m - 612 = -3*j, -j + 0*j = -3*m - 212. What is the units digit of j?
6
Let d be ((-4)/6)/(4/(-30)). Suppose 3 = d*l - 3*w, 2 = w + 3. Suppose -v + 17 = -4*j, -4*v + j + 3*j + 44 = l. What is the units digit of v?
9
Let s(a) = -16*a**3 + a**2 - 1. Let x be ((-2)/6)/(5/15). What is the units digit of s(x)?
6
Suppose -5*n = -5*i - 1600, -4*n + 2*n + 5*i = -634. What is the tens digit of n?
2
Let l = 48 - -16. What is the tens digit of l?
6
Let b be 1/(57/54 + -1). Let n = 38 - b. Let p = n + -8. What is the tens digit of p?
1
Suppose 40 = -3*t + 355. Suppose 4*u = u + t. What is the tens digit of u?
3
Suppose 0 = 3*q + b - 80, 3*b + b = -2*q + 40. What is the tens digit of q?
2
Suppose -68 + 207 = 4*b + 3*k, 3*k = b - 46. Suppose -2*n + t + b = -0*n, -2*t = -5*n + 94. What is the tens digit of n?
2
Suppose -3*t - 171 = -n, -2*t + 726 = 4*n - 0*n. What is the hundreds digit of n?
1
Suppose -7*n = n - 1472. What is the units digit of n?
4
Let q be 4/(-8)*(-12 + 2). Suppose -q*y + 5*n + 10 = 0, -5*y + 0*n - 14 = 3*n. Let r(k) = -21*k**3 - 1. What is the tens digit of r(y)?
2
Let r(o) = o + 8. Let b be r(-6). Suppose 0 = -0*d + b*d. Suppose d = -4*z - 12, h = 3*h - 5*z - 23. What is the units digit of h?
4
What is the units digit of (-20)/(144/(-66) - -2)?
0
Suppose 3*u = -2*u. Let m be (45/(-6))/((-2)/4). Suppose 2*b - 3*b + m = u. What is the units digit of b?
5
Let y(n) be the second derivative of 0 - 3/2*n**3 + 1/20*n**5 - n**2 - 3*n + 7/12*n**4. What is the units digit of y(-8)?
6
Suppose -2*a + 60 = 2*a. Suppose 5 = 5*m - a. What is the units digit of m?
4
What is the units digit of 52/8*2*3 + 4?
3
Let h = -49 - -91. Let o = h - 17. What is the units digit of o?
5
Let d(b) = 23*b**2 + 2 + 0 + 2*b - 1. What is the tens digit of d(-1)?
2
Let l(m) = -m**2 - 24*m + 11. What is the tens digit of l(-21)?
7
Suppose 0 = -5*d - 7 + 17. Suppose 37 = 5*t + d. What is the units digit of t?
7
Let q(o) = 36*o**3 - o. What is the units digit of q(1)?
5
Suppose -1 = -p - 2*m, -2*m = -2*p - 3*p + 53. What is the units digit of p?
9
Suppose 0*q + q = -1. Let s be 3 - (-1 - -2) - q. Suppose 15 + s = 3*l. What is the units digit of l?
6
Let m(a) = -5*a + 1 + 5*a + a. What is the units digit of m(4)?
5
Suppose -5*j = 5*p + 5, -p + 3*j + 17 = -2*j. Suppose 3*v + 5*d = 20, 2*v + 1 = 2*d - 7. Suppose v = -z - p + 7. What is the units digit of z?
5
Suppose -2*g + 164 = 6*h - 2*h, 2*h - 4*g = 102. What is the tens digit of h?
4
Let i = -2 + 4. Let c(n) = 4 + n**i + 2*n**2 - 3. What is the units digit of c(-1)?
4
Let r(b) = -b**2 + 3. Let m be r(0). Suppose -7 = -v - 2*g, m*v - 31 = -4*g + 3*g. What is the units digit of v?
1
Let t = -4 + 4. Suppose t = h - 9 - 10. What is the tens digit of h?
1
Let l(s) = 0*s + 7*s - 3 - 5*s. Let b be l(2). Let a(i) = 12*i - 1. What is the tens digit of a(b)?
1
Suppose 2*b = -t + 9, 13 = -0*b + 4*b - 3*t. Suppose -b*g + 72 = 3*w, 3*g + 5*w + 0*w = 65. What is the tens digit of g?
1
Let t(c) = 6*c**2 - 4*c + 5 + 2*c**3 - 3*c**3 - c + 1. What is the tens digit of t(4)?
1
Suppose -18 + 666 = 9*n. What is the units digit of n?
2
Let i = -7 - -11. Suppose -i*n = 17 - 69. What is the units digit of n?
3
Let p(j) = -j**2 - 5*j - 3. Let z be p(-3). What is the tens digit of -2 - (3 + -22) - z?
1
Suppose -n + 8 = 1. Suppose -4*z + 32 = 4*v, -4*z + n = -2*v - 1. What is the units digit of v?
4
Let k(x) = x - 8. Let t be k(7). What is the units digit of -4*(t + 0) - -25?
9
Let g = 3 + -4. Let k = 5 + g. Suppose k*m = 7 + 25. What is the units digit of m?
8
Suppose 2*o = 1 + 5. Suppose -5*y + 1 = -o*u + 14, -3*y + 27 = 4*u. What is the units digit of 12/18*u/4?
1
Let g(t) = 10*t**3 - 7*t**2 + 3*t + 3. What is the tens digit of g(3)?
1
Suppose -5*q + 8 = -27. Let t(x) = x - 2 + 0*x + 0*x + 5. What is the tens digit of t(q)?
1
Let y = 5 + 4. Let v(m) = -m**2 + 8*m + 13. Let d be v(y). Suppose d*x - 24 = 2*x. What is the units digit of x?
2
Let x(j) = 51*j - 14. What is the tens digit of x(4)?
9
What is the hundreds digit of 532/3 - 2/6?
1
Suppose -6*f + 20 = -2*f + 2*p, 0 = 4*f + p - 22. Suppose -d = 2*d - f. Suppose 0 = d*c - i - 8, -5*i = -4*c - i + 20. What is the units digit of c?
3
Let v(k) = -3*k - 1. Let w be v(-5). Let c = 20 - w. What is the units digit of c?
6
Let k = 6 - 4. Suppose k*t = -11 + 39. What is the units digit of t?
4
Let m(n) = -2*n - 5. What is the tens digit of m(-10)?
1
Let n = 46 - 27. What is the tens digit of n?
1
Suppose g + 10 = 3*h, 9 - 1 = -2*g. Let j be (-4)/(-12)*3 + 0. What is the units digit of -4*j/h - -3?
1
Suppose 0 = 3*x + 58 + 191. What is the units digit of x/(-5) + 2/5?
7
Let j(s) = -s**2 + 15*s + 2. Let f be j(15). Suppose 2*i - 2*t - 82 = 0, f*i - 3*i - 4*t = -26. What is the units digit of i?
8
Let g(z) = -10*z**3 + 4*z**2 + 3*z. Let r be g(-2). Suppose -5*q - r = -6*q. Suppose 0 = 3*s, 5*i - 5*s - q = -0*s. What is the units digit of i?
8
Let m(u) = -u**3 - 8*u**2 - 2*u + 6. Let l be m(-7). Let p = -19 - l. What is the tens digit of p?
1
Let o be 2 + (0 - (-1 + 6)). Let l = 1 - o. What is the units digit of l?
4
Let f = 8 - 16. Let y = -5 - f. Suppose y*c - 16 = 5. What is the units digit of c?
7
Let u be 4/(-2) + 1 + -3. Let i(a) = 5*a**2 - 9*a + 1. Let t(f) = f**2 - 1. Let o(x) = u*t(x) + i(x). What is the units digit of o(9)?
5
What is the tens digit of (-4)/18 - 371/(-9)?
4
Let g(k) = k**3 + 12*k**2 + 11*k + 3. Let v be g(-11). Suppose 7 = -v*c + 118. What is the tens digit of c?
3
Let h = -1 - 1. Let f = -8 + 12. What is the units digit of f + 2 + h - -2?
6
What is the units digit of (3/2)/((-36)/(-456))?
9
Let z = 8 - 4. Suppose -5*m - x = -86 - 48, 3*x + 92 = z*m. What is the units digit of m?
6
Let s(z) = -z**3 + 8*z**2 + z - 10. Let o be s(8). Let f be (-1)/(0 + o/6). Suppose i + 2*l = -0*l + 14, f*i = -4*l + 36. What is the units digit of i?
8
Let d(c) = 2*c - 11*c + 2*c**2 + 2 - 8 + 8*c. What is the tens digit of d(5)?
3
Suppose 4*y + 3*o = 3*y + 105, -y - 4*o + 108 = 0. What is the tens digit of y?
9
Let c(x) = x**3 - 8*x**2 + 8*x - 9. Let g be c(7). What is the tens digit of (-12)/(-8)*g - -41?
3
Suppose 3*k - 2*d + 45 = 127, -4*k + 108 = -2*d. What is the tens digit of k?
2
Let c(q) = -15*q + 10. Let n(f) = 8*f**2. Let x be n(-1). Let p be c(x). What is the tens digit of ((-1)/(-2))/((-5)/p)?
1
Suppose -3*v + 7 = 1. Suppose v*f + 2*f = 12. What is the units digit of f?
3
Let u = -5 - -14. What is the tens digit of ((-150)/u)/(-5)*6?
2
Suppose 5*i + 3*s + 100 - 955 = 0, 4*s + 171 = i. What is the units digit of i?
1
Suppose 28 = x - 4*k - 57, -412 = -4*x - 2*k. What is the tens digit of x?
0
Suppose 0 = -4*c - 5*t + 42, -1 = 3*t - 7. Let o be c/(-28) - 2/(-7). Suppose o = -d - 3*d + 32. What is the units digit of d?
8
Suppose -3*i - 6 = -i, -2*y + 3*i = -2565. What is the tens digit of 2/5 - y/(-30)?
4
Let l(z) = z**2 - 7*z + 2. Let j be l(6). Suppose 0 = 5*x, -3*x + 58 = -5*r - 7. Let i = j - r. What is the units digit of i?
9
Suppose -x - 8 - 11 = 0. Let b = x + 31. What is the tens digit of b?
1
Let f = 114 + -61. What is the units digit of f?
3
Suppose y - 180 = -y. Suppose h = 3*h - y. What is the units digit of h?
5
Suppose 0 = -5*m + 151 + 69. What is the tens digit of m?
4
Suppose -b + 2*u - 5 = 3, -4*b + 2*u - 8 = 0. Let c be (-3 + 1 + 1)*b. Suppose -50 = -5*i - 5*m, c = -0*i - 2*i - 3*m + 19. What is the units digit of i?
1
Let f(x) = 6*x**3 - x**2 + x. Let s = 23 - 22. What is the units digit of f(s)?
6
Let n be 2/(-4) - (-42)/(-12). Let x = -3 - n. What is the units digit of x?
1
Suppose -5 = -3*p + 2*y, 3*p - 17 = 5*y - 0. Let z be (-4 - -6)*(0 + p). Let m = z + 3. What is the units digit of m?
1
Suppose -4 = -x + 14. Let p be 120/32 + (-2)/(-8). What is the units digit of x/p - 2/(-4)?
5
Let p(n) = -n**3 + 2*n**2 + 4*n + 4. Let i be p(4). Let t = -8 - i. Suppose -10 - 14 = -t*c. What is the units digit of c?
6
Suppose r + 2 = 4*y, 2*r + 0*y = -5*y - 30. Let h be (-4)/(-10) - (-74)/r. Let z = -5 - h. What is the units digit of z?
2
Suppose 5*r - 1 = 5*m + 3*r, 0 = -4*r - 8. Suppose 2*x - 20 = -3*x. Let v = x + m. What is the units digit of v?
3
Suppose 3*g + 21 = 4*i, -5*i - 2*g + 7 = -2. Suppose -2*s + 5*m - 32 = m, -i*s = 5*m + 37. Let w = s + 26. What 